{"id":40,"date":"2026-03-31T11:49:44","date_gmt":"2026-03-31T11:49:44","guid":{"rendered":"https:\/\/festjazzdivi5.blackmountainstudio.fr\/?page_id=40"},"modified":"2026-04-30T16:59:21","modified_gmt":"2026-04-30T14:59:21","slug":"stage-musical-dete","status":"publish","type":"page","link":"https:\/\/fest-jazz.com\/en\/stage-musical-dete\/","title":{"rendered":"Summer stage musical"},"content":{"rendered":"<div class=\"et_pb_section_0 et_pb_section et_section_regular et_block_section\">\n<div class=\"et_pb_row_0 et_pb_row et_block_row preset--group--divi-row--divi-spacing--nested--v510ztxdvr preset--group--divi-row--divi-sizing--h1k452m--nested--yt2xqksxyy preset--module--divi-row--68c1g8de6b\">\n<div class=\"et_pb_column_0 et_pb_column et_pb_column_4_4 et-last-child et_block_column et_pb_css_mix_blend_mode_passthrough\">\n<div class=\"et_pb_heading_0 et_pb_heading et_pb_module et_flex_module preset--module--divi-heading--5ahdoldi67\"><div class=\"et_pb_heading_container\"><h1 class=\"et_pb_module_header\">STAGE LES FOUS DE CH\u00c2TEAUNEUF<\/h1><\/div><\/div>\n<\/div>\n<\/div>\n<\/div>\n\n<div class=\"et_pb_section_1 et_pb_section et_section_regular et_flex_section\">\n<div class=\"et_pb_row_1 et_pb_row et_flex_row preset--module--divi-row--default\">\n<div class=\"et_pb_column_1 et_pb_column et-last-child et_flex_column et_pb_css_mix_blend_mode_passthrough et_flex_column_24_24 et_flex_column_24_24_tablet et_flex_column_24_24_phone et_flex_column_24_24_tabletWide\">\n<div class=\"et_pb_group_carousel_0 et_pb_group_carousel et_pb_group et_pb_module et_pb_group_carousel_arrows_inside et_pb_group_carousel_dots_center et_pb_group_carousel_dots_below\"><div class=\"et_pb_group_carousel_container\"><div class=\"et_pb_group_carousel_track\"><div class=\"et_pb_group_carousel_slide\"><div class=\"et_pb_group_0 et_pb_group et_pb_module et_flex_group et_pb_css_mix_blend_mode_passthrough preset--group--divi-group--divi-border--nezjvoznv3 preset--group--divi-group--divi-box-shadow--en5z5w4s13\"><\/div><\/div><div class=\"et_pb_group_carousel_slide\"><div class=\"et_pb_group_1 et_pb_group et_pb_module et_flex_group et_pb_css_mix_blend_mode_passthrough preset--group--divi-group--divi-border--nezjvoznv3 preset--group--divi-group--divi-box-shadow--en5z5w4s13\"><\/div><\/div><div class=\"et_pb_group_carousel_slide\"><div class=\"et_pb_group_2 et_pb_group et_pb_module et_flex_group et_pb_css_mix_blend_mode_passthrough preset--group--divi-group--divi-border--nezjvoznv3 preset--group--divi-group--divi-box-shadow--en5z5w4s13\"><\/div><\/div><div class=\"et_pb_group_carousel_slide\"><div class=\"et_pb_group_3 et_pb_group et-last-child et_pb_module et_flex_group et_pb_css_mix_blend_mode_passthrough preset--group--divi-group--divi-border--nezjvoznv3 preset--group--divi-group--divi-box-shadow--en5z5w4s13\"><\/div><\/div><\/div><\/div><span class=\"et_pb_group_carousel_arrow et_pb_group_carousel_arrow_prev\" role=\"button\" tabindex=\"0\" aria-label=\"Previous slide\"><span class=\"et-pb-icon\">4<\/span><\/span><span class=\"et_pb_group_carousel_arrow et_pb_group_carousel_arrow_next\" role=\"button\" tabindex=\"0\" aria-label=\"Next slide\"><span class=\"et-pb-icon\">5<\/span><\/span><div class=\"et_pb_group_carousel_dots\"><\/div><\/div>\n<\/div>\n<\/div>\n<\/div>\n\n<div class=\"et_pb_section_2 et_pb_section et_section_regular et_flex_section\">\n<div class=\"et_pb_row_2 et_pb_row et_flex_row preset--module--divi-row--default\">\n<div class=\"et_pb_column_2 et_pb_column et-last-child et_flex_column et_pb_css_mix_blend_mode_passthrough et_flex_column_24_24 et_flex_column_24_24_tablet et_flex_column_24_24_phone et_flex_column_24_24_tabletWide\">\n<div class=\"et_pb_heading_1 et_pb_heading et_pb_module et_flex_module preset--module--divi-heading--somiqn4lc1\"><div class=\"et_pb_heading_container\"><h1 class=\"et_pb_module_header\">Music Workshop from July 21 to 26, 2026\n<\/h1><\/div><\/div>\n\n<div class=\"et_pb_text_0 et_pb_text et_pb_bg_layout_light et_pb_module et_flex_module preset--module--divi-text--zw7heqftvr\"><div class=\"et_pb_text_inner\"><p>Created in 2020 by the Galil\u00e9e Musique association in partnership with Le Fest Jazz, the \u201cLes Fous-de-Ch\u00e2teauneuf\u201d workshop is open to all singers, amateur musicians, and music school students who want to play in a group, hone their skills, or simply explore a new repertoire.<\/p>\n<p>Quatre ateliers sont propos\u00e9s :<\/p>\n<\/div><\/div>\n\n<div class=\"et_pb_heading_2 et_pb_heading et_pb_module et_flex_module preset--module--divi-heading--somiqn4lc1\"><div class=\"et_pb_heading_container\"><h1 class=\"et_pb_module_header\">WORKSHOPS\nYour Title Here<\/h1><\/div><\/div>\n\n<div class=\"et_pb_text_1 et_pb_text et_pb_bg_layout_light et_pb_module et_flex_module preset--module--divi-text--zw7heqftvr\"><div class=\"et_pb_text_inner\"><p class=\"translation-block\">As a partner of the workshop, Festjazz is offering a <b>special access pass <\/b>to the festival for participants enrolled in the orchestra or vocal workshop from July 21 to 26. Participants will thus have the opportunity to see the entire program, take part in meet-and-greets with festival artists, and play in jam sessions.<\/p>\n<ul>\n<li class=\"translation-block\"><b>A day of instrumental and vocal training, the<span> <\/span><span>July 21, 2026<\/span> <\/b><\/li>\n<\/ul>\n<p class=\"translation-block\">(Trompette\/cuivres, saxophone\/clarinette, guitare, piano\/harmonie, accord\u00e9on, basse\/contrebasse, technique vocale\/scat\/improvisation)<br>\r\nObjectifs : D\u00e9velopper sa technique, oralit\u00e9, oreille et rythme !<\/p>\n<p>Cost: \u20ac45 per day<\/p>\n<ul>\n<li><strong>Une journ\u00e9e masterclasse de musique bretonne et irlandaise, le<span>\u00a0<\/span><span>21 juillet 2026<\/span><\/strong><\/li>\n<\/ul>\n<p>Jean-Michel Veillon (fl\u00fbtes) vous guidera dans l\u2019exploration d\u2019un atelier collectif vibrant de m\u00e9lodies et rythmes entra\u00eenants !<\/p>\n<p>Cost: \u20ac45 per day<\/p>\n<ul>\n<li class=\"translation-block\"><b>Big Band Jazz Orchestra of<span> <\/span><span>July 22\u201326, 2026 \u2013 Swing Special!<\/span><\/b><\/li>\n<\/ul>\n<p>Led by Vincent Mascart (saxophone and conductor) and Jean-Christophe Cholet (piano and conductor).<\/p>\n<p class=\"translation-block\">Section cuivres : trompette, trombone<br>\r\nSection bois : clarinette, fl\u00fbte traversi\u00e8re&nbsp; saxophone<br>\r\nSection rythmique : piano, guitare, batterie, percussions, basse et accord\u00e9on<br>\r\nInstruments bienvenus : euphonium, cor, basson, hautbois et tuba<\/p>\n<p>Objectives: Playing together, making a section sound cohesive, improvising, providing accompaniment, and performing on stage (final concert on the main stage at Fest Jazz on Sunday, July 26)<\/p>\n<p>Tuition: \u20ac220 for 5 days<\/p>\n<ul>\n<li class=\"translation-block\"><b>Vocal Workshop<span> <\/span><span>July 22\u201326<\/span> <\/b><\/li>\n<\/ul>\n<p class=\"translation-block\">Encadr\u00e9e par Tamara Mozes et D\u00e9borah Tanguy<br>\r\nObjectifs : Stage de pratique vocale en groupe, technique, improvisation, chanter sur sc\u00e8ne (concert de restitution sur la grande sc\u00e8ne du Fest Jazz, le dimanche 26 juillet)<\/p>\n<p>Tuition: \u20ac220 for 5 days<\/p>\n<p><i>The teaching staff consists of recognized professional musicians and\/or certified instructors (D.E., C.A. Jazz):<\/i><\/p>\n<ul>\n<li>Vincent Mascart (saxophone, clarinet)<\/li>\n<li>Matthieu Bloch (double bass, electric bass)<\/li>\n<li>Jean-Christophe Cholet (piano, harmony)<\/li>\n<li>Tamara Mozes (vocals, improvisation)<\/li>\n<li>Romaric Boug\u00e9 (trumpet, brass)<\/li>\n<li>D\u00e9borah Tanguy (vocals, scat, and improvisation)<\/li>\n<li>Geoffrey Chaurand (guitar)<\/li>\n<li>R\u00e9gis Huiban (accordion)<\/li>\n<\/ul>\n<\/div><\/div>\n\n<div class=\"et_pb_heading_3 et_pb_heading et_pb_module et_flex_module preset--module--divi-heading--somiqn4lc1\"><div class=\"et_pb_heading_container\"><h1 class=\"et_pb_module_header\">Practical information\n<\/h1><\/div><\/div>\n\n<div class=\"et_pb_text_2 et_pb_text et_pb_bg_layout_light et_pb_module et_flex_module preset--module--divi-text--zw7heqftvr\"><div class=\"et_pb_text_inner\"><p>Classes are held at Coll\u00e8ge de Notre Dame des Portes in Ch\u00e2teauneuf-du-Faou \u2013 36 Paul S\u00e9rusier Street.<\/p>\n<p class=\"translation-block\">Meals are available at the festival cafeteria for lunch and dinner from July 21 to 26 (\u20ac12 per meal; advance reservations required at <span> <\/span><span id=\"eeb-131765-722174\">contact@fest-jazz.com<\/span>)<\/p>\n<p>Possibilit\u00e9 de logement en g\u00eete ou en camping (\u00e9crire \u00e0<span>\u00a0<\/span><span id=\"eeb-834784-636949\">co&#110;&#116;&#97;&#x63;&#x74;&#x40;&#x66;&#x65;st&#45;&#106;&#97;&#x7a;&#x7a;&#x2e;&#x63;&#x6f;m<\/span>)<\/p>\n<p class=\"translation-block\">For more information and to register: <span> <\/span><span id=\"eeb-199609-681712\">galilee.musique@gmail.com<\/span><\/p>\n<p>Retrouvez ici la plaquette du stage et la fiche d\u2019inscription<\/p>\n<p class=\"translation-block\">-&gt;<span> <\/span><a href=\"https:\/\/fest-jazz.com\/wp-content\/uploads\/2026\/04\/LES-FOUS-2026-plaquette.pdf\" target=\"_blank\" rel=\"noopener\">2026 Workshop Brochure<\/a><\/p>\n<p class=\"translation-block\">-&gt;<span> <\/span><a href=\"https:\/\/fest-jazz.com\/wp-content\/uploads\/2026\/04\/Formulaire-de-pre-inscription-1.pdf\" target=\"_blank\" rel=\"noopener\" title=\"Pre-registration form \">Pre-registration form <\/a> \u2013 to be sent by email to<span> <\/span><span id=\"eeb-293068-457750\">galilee.musique@gmail.com<\/span><\/p>\n<p>Facebook Group : Les Fous de Ch\u00e2teauneuf<\/p>\n<p>We would like to extend our heartfelt thanks to the school for its assistance and for making its classrooms available, to the Hall Musique store in Quimper, and to D\u00f4me for its sponsorship. Without them, none of this would be possible!<\/p>\n<\/div><\/div>\n<\/div>\n<\/div>\n<\/div>","protected":false},"excerpt":{"rendered":"","protected":false},"author":6,"featured_media":0,"parent":0,"menu_order":0,"comment_status":"closed","ping_status":"closed","template":"","meta":{"footnotes":""},"class_list":["post-40","page","type-page","status-publish","hentry"],"_links":{"self":[{"href":"https:\/\/fest-jazz.com\/en\/wp-json\/wp\/v2\/pages\/40","targetHints":{"allow":["GET"]}}],"collection":[{"href":"https:\/\/fest-jazz.com\/en\/wp-json\/wp\/v2\/pages"}],"about":[{"href":"https:\/\/fest-jazz.com\/en\/wp-json\/wp\/v2\/types\/page"}],"author":[{"embeddable":true,"href":"https:\/\/fest-jazz.com\/en\/wp-json\/wp\/v2\/users\/6"}],"replies":[{"embeddable":true,"href":"https:\/\/fest-jazz.com\/en\/wp-json\/wp\/v2\/comments?post=40"}],"version-history":[{"count":1,"href":"https:\/\/fest-jazz.com\/en\/wp-json\/wp\/v2\/pages\/40\/revisions"}],"predecessor-version":[{"id":1576,"href":"https:\/\/fest-jazz.com\/en\/wp-json\/wp\/v2\/pages\/40\/revisions\/1576"}],"wp:attachment":[{"href":"https:\/\/fest-jazz.com\/en\/wp-json\/wp\/v2\/media?parent=40"}],"curies":[{"name":"wp","href":"https:\/\/api.w.org\/{rel}","templated":true}]}}

<div class="et_pb_section_0 et_pb_section et_section_regular et_block_section">
<div class="et_pb_row_0 et_pb_row et_block_row preset--group--divi-row--divi-spacing--nested--v510ztxdvr preset--group--divi-row--divi-sizing--h1k452m--nested--yt2xqksxyy preset--module--divi-row--68c1g8de6b">
<div class="et_pb_column_0 et_pb_column et_pb_column_4_4 et-last-child et_block_column et_pb_css_mix_blend_mode_passthrough">
<div class="et_pb_heading_0 et_pb_heading et_pb_module et_flex_module preset--module--divi-heading--5ahdoldi67"><div class="et_pb_heading_container"><h1 class="et_pb_module_header">STAGE LES FOUS DE CHÂTEAUNEUF</h1></div></div>
</div>
</div>
</div>

<div class="et_pb_section_1 et_pb_section et_section_regular et_flex_section">
<div class="et_pb_row_1 et_pb_row et_flex_row preset--module--divi-row--default">
<div class="et_pb_column_1 et_pb_column et-last-child et_flex_column et_pb_css_mix_blend_mode_passthrough et_flex_column_24_24 et_flex_column_24_24_tablet et_flex_column_24_24_phone et_flex_column_24_24_tabletWide">
<div class="et_pb_group_carousel_0 et_pb_group_carousel et_pb_group et_pb_module et_pb_group_carousel_arrows_inside et_pb_group_carousel_dots_center et_pb_group_carousel_dots_below"><div class="et_pb_group_carousel_container"><div class="et_pb_group_carousel_track"><div class="et_pb_group_carousel_slide"><div class="et_pb_group_0 et_pb_group et_pb_module et_flex_group et_pb_css_mix_blend_mode_passthrough preset--group--divi-group--divi-border--nezjvoznv3 preset--group--divi-group--divi-box-shadow--en5z5w4s13"></div></div><div class="et_pb_group_carousel_slide"><div class="et_pb_group_1 et_pb_group et_pb_module et_flex_group et_pb_css_mix_blend_mode_passthrough preset--group--divi-group--divi-border--nezjvoznv3 preset--group--divi-group--divi-box-shadow--en5z5w4s13"></div></div><div class="et_pb_group_carousel_slide"><div class="et_pb_group_2 et_pb_group et_pb_module et_flex_group et_pb_css_mix_blend_mode_passthrough preset--group--divi-group--divi-border--nezjvoznv3 preset--group--divi-group--divi-box-shadow--en5z5w4s13"></div></div><div class="et_pb_group_carousel_slide"><div class="et_pb_group_3 et_pb_group et-last-child et_pb_module et_flex_group et_pb_css_mix_blend_mode_passthrough preset--group--divi-group--divi-border--nezjvoznv3 preset--group--divi-group--divi-box-shadow--en5z5w4s13"></div></div></div></div><span class="et_pb_group_carousel_arrow et_pb_group_carousel_arrow_prev" role="button" tabindex="0" aria-label="Previous slide"><span class="et-pb-icon">4</span></span><span class="et_pb_group_carousel_arrow et_pb_group_carousel_arrow_next" role="button" tabindex="0" aria-label="Next slide"><span class="et-pb-icon">5</span></span><div class="et_pb_group_carousel_dots"></div></div>
</div>
</div>
</div>

<div class="et_pb_section_2 et_pb_section et_section_regular et_flex_section">
<div class="et_pb_row_2 et_pb_row et_flex_row preset--module--divi-row--default">
<div class="et_pb_column_2 et_pb_column et-last-child et_flex_column et_pb_css_mix_blend_mode_passthrough et_flex_column_24_24 et_flex_column_24_24_tablet et_flex_column_24_24_phone et_flex_column_24_24_tabletWide">
<div class="et_pb_heading_1 et_pb_heading et_pb_module et_flex_module preset--module--divi-heading--somiqn4lc1"><div class="et_pb_heading_container"><h1 class="et_pb_module_header">Music Workshop from July 21 to 26, 2026
</h1></div></div>

<div class="et_pb_text_0 et_pb_text et_pb_bg_layout_light et_pb_module et_flex_module preset--module--divi-text--zw7heqftvr"><div class="et_pb_text_inner"><p>Created in 2020 by the Galilée Musique association in partnership with Le Fest Jazz, the “Les Fous-de-Châteauneuf” workshop is open to all singers, amateur musicians, and music school students who want to play in a group, hone their skills, or simply explore a new repertoire.</p>
<p>Quatre ateliers sont proposés :</p>
</div></div>

<div class="et_pb_heading_2 et_pb_heading et_pb_module et_flex_module preset--module--divi-heading--somiqn4lc1"><div class="et_pb_heading_container"><h1 class="et_pb_module_header">WORKSHOPS
Your Title Here</h1></div></div>

<div class="et_pb_text_1 et_pb_text et_pb_bg_layout_light et_pb_module et_flex_module preset--module--divi-text--zw7heqftvr"><div class="et_pb_text_inner"><p class="translation-block">As a partner of the workshop, Festjazz is offering a <b>special access pass </b>to the festival for participants enrolled in the orchestra or vocal workshop from July 21 to 26. Participants will thus have the opportunity to see the entire program, take part in meet-and-greets with festival artists, and play in jam sessions.</p>
<ul>
<li class="translation-block"><b>A day of instrumental and vocal training, the<span> </span><span>July 21, 2026</span> </b></li>
</ul>
<p class="translation-block">(Trompette/cuivres, saxophone/clarinette, guitare, piano/harmonie, accordéon, basse/contrebasse, technique vocale/scat/improvisation)<br>
Objectifs : Développer sa technique, oralité, oreille et rythme !</p>
<p>Cost: €45 per day</p>
<ul>
<li><strong>Une journée masterclasse de musique bretonne et irlandaise, le<span> </span><span>21 juillet 2026</span></strong></li>
</ul>
<p>Jean-Michel Veillon (flûtes) vous guidera dans l’exploration d’un atelier collectif vibrant de mélodies et rythmes entraînants !</p>
<p>Cost: €45 per day</p>
<ul>
<li class="translation-block"><b>Big Band Jazz Orchestra of<span> </span><span>July 22–26, 2026 – Swing Special!</span></b></li>
</ul>
<p>Led by Vincent Mascart (saxophone and conductor) and Jean-Christophe Cholet (piano and conductor).</p>
<p class="translation-block">Section cuivres : trompette, trombone<br>
Section bois : clarinette, flûte traversière&nbsp; saxophone<br>
Section rythmique : piano, guitare, batterie, percussions, basse et accordéon<br>
Instruments bienvenus : euphonium, cor, basson, hautbois et tuba</p>
<p>Objectives: Playing together, making a section sound cohesive, improvising, providing accompaniment, and performing on stage (final concert on the main stage at Fest Jazz on Sunday, July 26)</p>
<p>Tuition: €220 for 5 days</p>
<ul>
<li class="translation-block"><b>Vocal Workshop<span> </span><span>July 22–26</span> </b></li>
</ul>
<p class="translation-block">Encadrée par Tamara Mozes et Déborah Tanguy<br>
Objectifs : Stage de pratique vocale en groupe, technique, improvisation, chanter sur scène (concert de restitution sur la grande scène du Fest Jazz, le dimanche 26 juillet)</p>
<p>Tuition: €220 for 5 days</p>
<p><i>The teaching staff consists of recognized professional musicians and/or certified instructors (D.E., C.A. Jazz):</i></p>
<ul>
<li>Vincent Mascart (saxophone, clarinet)</li>
<li>Matthieu Bloch (double bass, electric bass)</li>
<li>Jean-Christophe Cholet (piano, harmony)</li>
<li>Tamara Mozes (vocals, improvisation)</li>
<li>Romaric Bougé (trumpet, brass)</li>
<li>Déborah Tanguy (vocals, scat, and improvisation)</li>
<li>Geoffrey Chaurand (guitar)</li>
<li>Régis Huiban (accordion)</li>
</ul>
</div></div>

<div class="et_pb_heading_3 et_pb_heading et_pb_module et_flex_module preset--module--divi-heading--somiqn4lc1"><div class="et_pb_heading_container"><h1 class="et_pb_module_header">Practical information
</h1></div></div>

<div class="et_pb_text_2 et_pb_text et_pb_bg_layout_light et_pb_module et_flex_module preset--module--divi-text--zw7heqftvr"><div class="et_pb_text_inner"><p>Classes are held at Collège de Notre Dame des Portes in Châteauneuf-du-Faou – 36 Paul Sérusier Street.</p>
<p class="translation-block">Meals are available at the festival cafeteria for lunch and dinner from July 21 to 26 (€12 per meal; advance reservations required at <span> </span><span id="eeb-131765-722174">contact@fest-jazz.com</span>)</p>
<p>Possibilité de logement en gîte ou en camping (écrire à<span> </span><span id="eeb-834784-636949">co&#110;&#116;&#97;&#x63;&#x74;&#x40;&#x66;&#x65;st&#45;&#106;&#97;&#x7a;&#x7a;&#x2e;&#x63;&#x6f;m</span>)</p>
<p class="translation-block">For more information and to register: <span> </span><span id="eeb-199609-681712">galilee.musique@gmail.com</span></p>
<p>Retrouvez ici la plaquette du stage et la fiche d’inscription</p>
<p class="translation-block">-&gt;<span> </span><a href="https://fest-jazz.com/wp-content/uploads/2026/04/LES-FOUS-2026-plaquette.pdf" target="_blank" rel="noopener">2026 Workshop Brochure</a></p>
<p class="translation-block">-&gt;<span> </span><a href="https://fest-jazz.com/wp-content/uploads/2026/04/Formulaire-de-pre-inscription-1.pdf" target="_blank" rel="noopener" title="Pre-registration form ">Pre-registration form </a> – to be sent by email to<span> </span><span id="eeb-293068-457750">galilee.musique@gmail.com</span></p>
<p>Facebook Group : Les Fous de Châteauneuf</p>
<p>We would like to extend our heartfelt thanks to the school for its assistance and for making its classrooms available, to the Hall Musique store in Quimper, and to Dôme for its sponsorship. Without them, none of this would be possible!</p>
</div></div>
</div>
</div>
</div>
