{"id":42,"date":"2026-03-31T11:50:06","date_gmt":"2026-03-31T11:50:06","guid":{"rendered":"https:\/\/festjazzdivi5.blackmountainstudio.fr\/?page_id=42"},"modified":"2026-04-26T17:40:08","modified_gmt":"2026-04-26T17:40:08","slug":"voitures-de-collection","status":"publish","type":"page","link":"https:\/\/fest-jazz.com\/en\/voitures-de-collection\/","title":{"rendered":"Classic cars"},"content":{"rendered":"<div class=\"et_pb_section_0 et_pb_section et_section_regular et_flex_section\">\n<div class=\"et_pb_row_0 et_pb_row et_flex_row preset--group--divi-row--divi-spacing--nested--v510ztxdvr preset--group--divi-row--divi-sizing--h1k452m--nested--yt2xqksxyy preset--module--divi-row--68c1g8de6b\">\n<div class=\"et_pb_column_0 et_pb_column et-last-child et_flex_column et_pb_css_mix_blend_mode_passthrough et_flex_column_24_24 et_flex_column_24_24_tablet et_flex_column_24_24_phone et_flex_column_24_24_tabletWide\">\n<div class=\"et_pb_image_0 et_pb_image et_pb_module et_flex_module\"><span class=\"et_pb_image_wrap\"><img loading=\"lazy\" decoding=\"async\" src=\"https:\/\/fest-jazz.com\/wp-content\/uploads\/2026\/04\/Pink-Header-3.png\" title=\"Pink Header 3\" width=\"1186\" height=\"127\" srcset=\"https:\/\/fest-jazz.com\/wp-content\/uploads\/2026\/04\/Pink-Header-3.png 1186w\" sizes=\"(max-width: 1186px) 100vw, 1186px\" class=\"wp-image-1237\" alt=\"Pink Background\" \/><\/span><\/div>\n<\/div>\n<\/div>\n<\/div>\n\n<div class=\"et_pb_section_1 et_pb_section et_section_regular et_flex_section\">\n<div class=\"et_pb_row_1 et_pb_row et_flex_row preset--module--divi-row--default\">\n<div class=\"et_pb_column_1 et_pb_column et-last-child et_flex_column et_pb_css_mix_blend_mode_passthrough et_flex_column_24_24 et_flex_column_24_24_tablet et_flex_column_24_24_phone et_flex_column_24_24_tabletWide\">\n<div class=\"et_pb_heading_0 et_pb_heading et_pb_module et_flex_module preset--module--divi-heading--5ahdoldi67\"><div class=\"et_pb_heading_container\"><h1 class=\"et_pb_module_header\">Classic Cars<\/h1><\/div><\/div>\n<\/div>\n<\/div>\n\n<div class=\"et_pb_row_2 et_pb_row et_flex_row preset--module--divi-row--default\">\n<div class=\"et_pb_column_2 et_pb_column et-last-child et_flex_column et_pb_css_mix_blend_mode_passthrough et_flex_column_24_24 et_flex_column_24_24_tablet et_flex_column_24_24_phone et_flex_column_24_24_tabletWide\">\n<div class=\"et_pb_text_0 et_pb_text et_pb_bg_layout_light et_pb_module et_flex_module preset--module--divi-text--default\"><div class=\"et_pb_text_inner\"><p>For the past ten years, Fest Jazz has become a focal point for a spectacular classic car rally featuring vehicles from the United Kingdom and France. An exhibition of these wonderful vehicles takes place in the village square on Saturday morning and at the festival entrance every afternoon from Friday through Sunday.<\/p>\n<\/div><\/div>\n\n<div class=\"et_pb_text_1 et_pb_text et_pb_bg_layout_light et_pb_module et_flex_module preset--module--divi-text--default\"><div class=\"et_pb_text_inner\"><div class=\"elementor-element elementor-element-c84ee9a e-flex e-con-boxed e-con e-parent e-lazyloaded\" data-id=\"c84ee9a\" data-element_type=\"container\" data-e-type=\"container\" data-settings=\"{&quot;background_background&quot;:&quot;classic&quot;}\">\n<div class=\"e-con-inner\">\n<div class=\"elementor-element elementor-element-c46e940 elementor-widget elementor-widget-text-editor\" data-id=\"c46e940\" data-element_type=\"widget\" data-e-type=\"widget\" data-widget_type=\"text-editor.default\">\n<div class=\"elementor-widget-container\">\n<p class=\"Textbody\"><span><b>These activities are organized in partnership with \u201cLes V\u00e9hicules Anciens du L\u00e9on, de Cornouaille et du Tr\u00e9gor\u201d (V.A.L.C.T.).<\/b><\/span><\/p>\n<\/div>\n<\/div>\n<\/div>\n<\/div>\n<div class=\"elementor-element elementor-element-25563cd e-flex e-con-boxed e-con e-parent e-lazyloaded\" data-id=\"25563cd\" data-element_type=\"container\" data-e-type=\"container\">\n<div class=\"e-con-inner\">\n<div class=\"elementor-element elementor-element-dde565a elementor--h-position-center elementor--v-position-middle elementor-arrows-position-inside elementor-pagination-position-inside elementor-widget elementor-widget-slides e-widget-swiper\" data-id=\"dde565a\" data-element_type=\"widget\" data-e-type=\"widget\" data-settings=\"{&quot;navigation&quot;:&quot;both&quot;,&quot;autoplay&quot;:&quot;yes&quot;,&quot;pause_on_hover&quot;:&quot;yes&quot;,&quot;pause_on_interaction&quot;:&quot;yes&quot;,&quot;autoplay_speed&quot;:5000,&quot;infinite&quot;:&quot;yes&quot;,&quot;transition&quot;:&quot;slide&quot;,&quot;transition_speed&quot;:500}\" data-widget_type=\"slides.default\">\n<div class=\"elementor-widget-container\">\n<div class=\"elementor-swiper\">\n<div class=\"elementor-slides-wrapper elementor-main-swiper swiper swiper-initialized swiper-horizontal swiper-pointer-events swiper-backface-hidden\" role=\"region\" aria-roledescription=\"carousel\" aria-label=\"Slides\" dir=\"ltr\" data-animation=\"fadeInUp\">\n<div class=\"swiper-wrapper elementor-slides\" id=\"swiper-wrapper-69785b6ac8ca3c89\" aria-live=\"off\">\n<div class=\"elementor-repeater-item-4dac216 swiper-slide swiper-slide-duplicate\" role=\"group\" aria-roledescription=\"slide\" data-swiper-slide-index=\"0\" aria-label=\"1 \/ 3\"><\/div>\n<\/div>\n<\/div>\n<\/div>\n<\/div>\n<\/div>\n<\/div>\n<\/div>\n<\/div><\/div>\n\n<div class=\"et_pb_group_carousel_0 et_pb_group_carousel et_pb_group et_pb_module et_pb_group_carousel_arrows_inside et_pb_group_carousel_dots_disabled\"><div class=\"et_pb_group_carousel_container\"><div class=\"et_pb_group_carousel_track\"><div class=\"et_pb_group_carousel_slide\"><div class=\"et_pb_group_0 et_pb_group et_pb_module et_flex_group et_pb_css_mix_blend_mode_passthrough\">\n<div class=\"et_pb_image_1 et_pb_image et_pb_module et_flex_module\"><\/div>\n<\/div><\/div><div class=\"et_pb_group_carousel_slide\"><div class=\"et_pb_group_1 et_pb_group et_pb_module et_flex_group et_pb_css_mix_blend_mode_passthrough\">\n<div class=\"et_pb_image_2 et_pb_image et_pb_module et_flex_module\"><\/div>\n<\/div><\/div><div class=\"et_pb_group_carousel_slide\"><div class=\"et_pb_group_2 et_pb_group et_pb_module et_flex_group et_pb_css_mix_blend_mode_passthrough\">\n<div class=\"et_pb_image_3 et_pb_image et_pb_module et_flex_module\"><\/div>\n<\/div><\/div><div class=\"et_pb_group_carousel_slide\"><div class=\"et_pb_group_3 et_pb_group et-last-child et_pb_module et_flex_group et_pb_css_mix_blend_mode_passthrough\">\n<div class=\"et_pb_image_4 et_pb_image et_pb_module et_flex_module\"><\/div>\n<\/div><\/div><\/div><\/div><span class=\"et_pb_group_carousel_arrow et_pb_group_carousel_arrow_prev\" role=\"button\" tabindex=\"0\" aria-label=\"Previous slide\"><span class=\"et-pb-icon\">4<\/span><\/span><span class=\"et_pb_group_carousel_arrow et_pb_group_carousel_arrow_next\" role=\"button\" tabindex=\"0\" aria-label=\"Next slide\"><span class=\"et-pb-icon\">5<\/span><\/span><\/div>\n\n<div class=\"et_pb_text_2 et_pb_text et_pb_bg_layout_light et_pb_module et_flex_module preset--module--divi-text--zw7heqftvr\"><div class=\"et_pb_text_inner\"><h2>If you own a classic car, here are the benefits of registering for the festival:<\/h2>\n<ul>\n<li>A discount on the festival admission price (\u20ac25 per day instead of \u20ac32)<\/li>\n<li>Reserved parking inside the festival grounds throughout the weekend. This is a real advantage, as the festival grounds are \u201ccar-free\u201d and only registered classic vehicles have access.<\/li>\n<li>A Friday evening reception with the mayor and other officials; free wine and canap\u00e9s for classic car owners.<\/li>\n<li>A car parade on Saturday morning at Place de la R\u00e9sistance, in the center of the village.<\/li>\n<li>Une table sera r\u00e9serv\u00e9e pour le repas du samedi midi, dans un restaurant local, \u00e0 partir de 12h00. Plus d\u2019informations \u00e0 venir. Pour r\u00e9server votre place au repas, envoyez un courriel \u00e0<span>\u00a0<\/span><span id=\"eeb-247256-95107\">contact@fest-jazz.com<\/span><span>\u00a0<\/span>en indiquant votre nom et le nombre de personnes.<\/li>\n<\/ul>\n<p>In addition, the V.A.L.C.T. is organizing a walk on Sunday morning around Ch\u00e2teauneuf-du-Faou. The walk includes a visit to a notable regional heritage site, with a coffee and cake break, and concludes in Ch\u00e2teauneuf with a shared aperitif indoors.<\/p>\n<p>This free event is limited to 30 vehicles. It is open to anyone with a Fest Jazz pass for Sunday, as well as to those who register with Jean-Luc Bernard. Only vehicles manufactured before 1970 are permitted, though exceptions may be made on a case-by-case basis.<\/p>\n<p>\u00a0<\/p>\n<h2>HOW TO :<\/h2>\n<p><main id=\"content\" class=\"site-main post-12947 page type-page status-publish hentry\"><\/main><\/p>\n<div class=\"page-content\">\n<div data-elementor-type=\"wp-page\" data-elementor-id=\"12947\" class=\"elementor elementor-12947\" wpc-filter-elementor-widget=\"1\" data-elementor-post-type=\"page\">\n<div class=\"elementor-element elementor-element-9ecc9fd e-flex e-con-boxed e-con e-parent e-lazyloaded\" data-id=\"9ecc9fd\" data-element_type=\"container\" data-e-type=\"container\">\n<div class=\"e-con-inner\">\n<div class=\"elementor-element elementor-element-7e95ffb page-info elementor-widget elementor-widget-text-editor\" data-id=\"7e95ffb\" data-element_type=\"widget\" data-e-type=\"widget\" data-widget_type=\"text-editor.default\">\n<div class=\"elementor-widget-container\">\n<ul>\n<li class=\"translation-block\">Buy your ticket for Fest Jazz: <span> <\/span><a href=\"https:\/\/fest-jazz.com\/en\/billetterie\/\" target=\"_self\">ticket office<\/a><\/li>\n<li>Plan your trip<\/li>\n<li>Envoyez vos coordonn\u00e9es : adresse de courriel, n\u00b0 de t\u00e9l\u00e9phone, type, ann\u00e9e, couleur et num\u00e9ro d\u2019immatriculation de votre voiture \u00e0 Jean-Luc Bernard :<span>\u00a0<\/span><a href=\"mailto:contact@jlbernard.fr\"><span id=\"eeb-370517-190621\">contact@jlbernard.fr<\/span><\/a><span>\u00a0<\/span>et vous recevrez les informations sur les activit\u00e9s du week-end.<\/li>\n<\/ul>\n<\/div>\n<\/div>\n<\/div>\n<\/div>\n<\/div>\n<\/div>\n<p>\u00a0<\/p>\n<footer data-elementor-type=\"footer\" data-elementor-id=\"11134\" class=\"elementor elementor-11134 elementor-location-footer\" wpc-filter-elementor-widget=\"1\" data-elementor-post-type=\"elementor_library\">\n<div class=\"elementor-element elementor-element-1719594 e-flex e-con-boxed e-con e-parent e-lazyloaded\" data-id=\"1719594\" data-element_type=\"container\" data-e-type=\"container\" data-settings=\"{&quot;background_background&quot;:&quot;classic&quot;,&quot;shape_divider_top&quot;:&quot;opacity-tilt&quot;}\">\n<div class=\"e-con-inner\">\n<div class=\"elementor-shape elementor-shape-top\" aria-hidden=\"true\" data-negative=\"false\"><\/div>\n<div class=\"elementor-element elementor-element-5e671e3 e-con-full e-flex e-con e-child\" data-id=\"5e671e3\" data-element_type=\"container\" data-e-type=\"container\">\n<div class=\"elementor-element elementor-element-04240d1 elementor-widget elementor-widget-image\" data-id=\"04240d1\" data-element_type=\"widget\" data-e-type=\"widget\" data-widget_type=\"image.default\"><\/div>\n<\/div>\n<\/div>\n<\/div>\n<\/footer>\n<\/div><\/div>\n<\/div>\n<\/div>\n<\/div>","protected":false},"excerpt":{"rendered":"","protected":false},"author":6,"featured_media":0,"parent":0,"menu_order":0,"comment_status":"closed","ping_status":"closed","template":"","meta":{"footnotes":""},"class_list":["post-42","page","type-page","status-publish","hentry"],"_links":{"self":[{"href":"https:\/\/fest-jazz.com\/en\/wp-json\/wp\/v2\/pages\/42","targetHints":{"allow":["GET"]}}],"collection":[{"href":"https:\/\/fest-jazz.com\/en\/wp-json\/wp\/v2\/pages"}],"about":[{"href":"https:\/\/fest-jazz.com\/en\/wp-json\/wp\/v2\/types\/page"}],"author":[{"embeddable":true,"href":"https:\/\/fest-jazz.com\/en\/wp-json\/wp\/v2\/users\/6"}],"replies":[{"embeddable":true,"href":"https:\/\/fest-jazz.com\/en\/wp-json\/wp\/v2\/comments?post=42"}],"version-history":[{"count":0,"href":"https:\/\/fest-jazz.com\/en\/wp-json\/wp\/v2\/pages\/42\/revisions"}],"wp:attachment":[{"href":"https:\/\/fest-jazz.com\/en\/wp-json\/wp\/v2\/media?parent=42"}],"curies":[{"name":"wp","href":"https:\/\/api.w.org\/{rel}","templated":true}]}}

<div class="et_pb_section_0 et_pb_section et_section_regular et_flex_section">
<div class="et_pb_row_0 et_pb_row et_flex_row preset--group--divi-row--divi-spacing--nested--v510ztxdvr preset--group--divi-row--divi-sizing--h1k452m--nested--yt2xqksxyy preset--module--divi-row--68c1g8de6b">
<div class="et_pb_column_0 et_pb_column et-last-child et_flex_column et_pb_css_mix_blend_mode_passthrough et_flex_column_24_24 et_flex_column_24_24_tablet et_flex_column_24_24_phone et_flex_column_24_24_tabletWide">
<div class="et_pb_image_0 et_pb_image et_pb_module et_flex_module"><span class="et_pb_image_wrap"><img loading="lazy" decoding="async" src="https://fest-jazz.com/wp-content/uploads/2026/04/Pink-Header-3.png" title="Pink Header 3" width="1186" height="127" srcset="https://fest-jazz.com/wp-content/uploads/2026/04/Pink-Header-3.png 1186w" sizes="(max-width: 1186px) 100vw, 1186px" class="wp-image-1237" alt="Pink Background" /></span></div>
</div>
</div>
</div>

<div class="et_pb_section_1 et_pb_section et_section_regular et_flex_section">
<div class="et_pb_row_1 et_pb_row et_flex_row preset--module--divi-row--default">
<div class="et_pb_column_1 et_pb_column et-last-child et_flex_column et_pb_css_mix_blend_mode_passthrough et_flex_column_24_24 et_flex_column_24_24_tablet et_flex_column_24_24_phone et_flex_column_24_24_tabletWide">
<div class="et_pb_heading_0 et_pb_heading et_pb_module et_flex_module preset--module--divi-heading--5ahdoldi67"><div class="et_pb_heading_container"><h1 class="et_pb_module_header">Classic Cars</h1></div></div>
</div>
</div>

<div class="et_pb_row_2 et_pb_row et_flex_row preset--module--divi-row--default">
<div class="et_pb_column_2 et_pb_column et-last-child et_flex_column et_pb_css_mix_blend_mode_passthrough et_flex_column_24_24 et_flex_column_24_24_tablet et_flex_column_24_24_phone et_flex_column_24_24_tabletWide">
<div class="et_pb_text_0 et_pb_text et_pb_bg_layout_light et_pb_module et_flex_module preset--module--divi-text--default"><div class="et_pb_text_inner"><p>For the past ten years, Fest Jazz has become a focal point for a spectacular classic car rally featuring vehicles from the United Kingdom and France. An exhibition of these wonderful vehicles takes place in the village square on Saturday morning and at the festival entrance every afternoon from Friday through Sunday.</p>
</div></div>

<div class="et_pb_text_1 et_pb_text et_pb_bg_layout_light et_pb_module et_flex_module preset--module--divi-text--default"><div class="et_pb_text_inner"><div class="elementor-element elementor-element-c84ee9a e-flex e-con-boxed e-con e-parent e-lazyloaded" data-id="c84ee9a" data-element_type="container" data-e-type="container" data-settings="{&quot;background_background&quot;:&quot;classic&quot;}">
<div class="e-con-inner">
<div class="elementor-element elementor-element-c46e940 elementor-widget elementor-widget-text-editor" data-id="c46e940" data-element_type="widget" data-e-type="widget" data-widget_type="text-editor.default">
<div class="elementor-widget-container">
<p class="Textbody"><span><b>These activities are organized in partnership with “Les Véhicules Anciens du Léon, de Cornouaille et du Trégor” (V.A.L.C.T.).</b></span></p>
</div>
</div>
</div>
</div>
<div class="elementor-element elementor-element-25563cd e-flex e-con-boxed e-con e-parent e-lazyloaded" data-id="25563cd" data-element_type="container" data-e-type="container">
<div class="e-con-inner">
<div class="elementor-element elementor-element-dde565a elementor--h-position-center elementor--v-position-middle elementor-arrows-position-inside elementor-pagination-position-inside elementor-widget elementor-widget-slides e-widget-swiper" data-id="dde565a" data-element_type="widget" data-e-type="widget" data-settings="{&quot;navigation&quot;:&quot;both&quot;,&quot;autoplay&quot;:&quot;yes&quot;,&quot;pause_on_hover&quot;:&quot;yes&quot;,&quot;pause_on_interaction&quot;:&quot;yes&quot;,&quot;autoplay_speed&quot;:5000,&quot;infinite&quot;:&quot;yes&quot;,&quot;transition&quot;:&quot;slide&quot;,&quot;transition_speed&quot;:500}" data-widget_type="slides.default">
<div class="elementor-widget-container">
<div class="elementor-swiper">
<div class="elementor-slides-wrapper elementor-main-swiper swiper swiper-initialized swiper-horizontal swiper-pointer-events swiper-backface-hidden" role="region" aria-roledescription="carousel" aria-label="Slides" dir="ltr" data-animation="fadeInUp">
<div class="swiper-wrapper elementor-slides" id="swiper-wrapper-69785b6ac8ca3c89" aria-live="off">
<div class="elementor-repeater-item-4dac216 swiper-slide swiper-slide-duplicate" role="group" aria-roledescription="slide" data-swiper-slide-index="0" aria-label="1 / 3"></div>
</div>
</div>
</div>
</div>
</div>
</div>
</div>
</div></div>

<div class="et_pb_group_carousel_0 et_pb_group_carousel et_pb_group et_pb_module et_pb_group_carousel_arrows_inside et_pb_group_carousel_dots_disabled"><div class="et_pb_group_carousel_container"><div class="et_pb_group_carousel_track"><div class="et_pb_group_carousel_slide"><div class="et_pb_group_0 et_pb_group et_pb_module et_flex_group et_pb_css_mix_blend_mode_passthrough">
<div class="et_pb_image_1 et_pb_image et_pb_module et_flex_module"></div>
</div></div><div class="et_pb_group_carousel_slide"><div class="et_pb_group_1 et_pb_group et_pb_module et_flex_group et_pb_css_mix_blend_mode_passthrough">
<div class="et_pb_image_2 et_pb_image et_pb_module et_flex_module"></div>
</div></div><div class="et_pb_group_carousel_slide"><div class="et_pb_group_2 et_pb_group et_pb_module et_flex_group et_pb_css_mix_blend_mode_passthrough">
<div class="et_pb_image_3 et_pb_image et_pb_module et_flex_module"></div>
</div></div><div class="et_pb_group_carousel_slide"><div class="et_pb_group_3 et_pb_group et-last-child et_pb_module et_flex_group et_pb_css_mix_blend_mode_passthrough">
<div class="et_pb_image_4 et_pb_image et_pb_module et_flex_module"></div>
</div></div></div></div><span class="et_pb_group_carousel_arrow et_pb_group_carousel_arrow_prev" role="button" tabindex="0" aria-label="Previous slide"><span class="et-pb-icon">4</span></span><span class="et_pb_group_carousel_arrow et_pb_group_carousel_arrow_next" role="button" tabindex="0" aria-label="Next slide"><span class="et-pb-icon">5</span></span></div>

<div class="et_pb_text_2 et_pb_text et_pb_bg_layout_light et_pb_module et_flex_module preset--module--divi-text--zw7heqftvr"><div class="et_pb_text_inner"><h2>If you own a classic car, here are the benefits of registering for the festival:</h2>
<ul>
<li>A discount on the festival admission price (€25 per day instead of €32)</li>
<li>Reserved parking inside the festival grounds throughout the weekend. This is a real advantage, as the festival grounds are “car-free” and only registered classic vehicles have access.</li>
<li>A Friday evening reception with the mayor and other officials; free wine and canapés for classic car owners.</li>
<li>A car parade on Saturday morning at Place de la Résistance, in the center of the village.</li>
<li>Une table sera réservée pour le repas du samedi midi, dans un restaurant local, à partir de 12h00. Plus d’informations à venir. Pour réserver votre place au repas, envoyez un courriel à<span> </span><span id="eeb-247256-95107">contact@fest-jazz.com</span><span> </span>en indiquant votre nom et le nombre de personnes.</li>
</ul>
<p>In addition, the V.A.L.C.T. is organizing a walk on Sunday morning around Châteauneuf-du-Faou. The walk includes a visit to a notable regional heritage site, with a coffee and cake break, and concludes in Châteauneuf with a shared aperitif indoors.</p>
<p>This free event is limited to 30 vehicles. It is open to anyone with a Fest Jazz pass for Sunday, as well as to those who register with Jean-Luc Bernard. Only vehicles manufactured before 1970 are permitted, though exceptions may be made on a case-by-case basis.</p>
<p> </p>
<h2>HOW TO :</h2>
<p><main id="content" class="site-main post-12947 page type-page status-publish hentry"></main></p>
<div class="page-content">
<div data-elementor-type="wp-page" data-elementor-id="12947" class="elementor elementor-12947" wpc-filter-elementor-widget="1" data-elementor-post-type="page">
<div class="elementor-element elementor-element-9ecc9fd e-flex e-con-boxed e-con e-parent e-lazyloaded" data-id="9ecc9fd" data-element_type="container" data-e-type="container">
<div class="e-con-inner">
<div class="elementor-element elementor-element-7e95ffb page-info elementor-widget elementor-widget-text-editor" data-id="7e95ffb" data-element_type="widget" data-e-type="widget" data-widget_type="text-editor.default">
<div class="elementor-widget-container">
<ul>
<li class="translation-block">Buy your ticket for Fest Jazz: <span> </span><a href="https://fest-jazz.com/en/billetterie/" target="_self">ticket office</a></li>
<li>Plan your trip</li>
<li>Envoyez vos coordonnées : adresse de courriel, n° de téléphone, type, année, couleur et numéro d’immatriculation de votre voiture à Jean-Luc Bernard :<span> </span><a href="mailto:contact@jlbernard.fr"><span id="eeb-370517-190621">contact@jlbernard.fr</span></a><span> </span>et vous recevrez les informations sur les activités du week-end.</li>
</ul>
</div>
</div>
</div>
</div>
</div>
</div>
<p> </p>
<footer data-elementor-type="footer" data-elementor-id="11134" class="elementor elementor-11134 elementor-location-footer" wpc-filter-elementor-widget="1" data-elementor-post-type="elementor_library">
<div class="elementor-element elementor-element-1719594 e-flex e-con-boxed e-con e-parent e-lazyloaded" data-id="1719594" data-element_type="container" data-e-type="container" data-settings="{&quot;background_background&quot;:&quot;classic&quot;,&quot;shape_divider_top&quot;:&quot;opacity-tilt&quot;}">
<div class="e-con-inner">
<div class="elementor-shape elementor-shape-top" aria-hidden="true" data-negative="false"></div>
<div class="elementor-element elementor-element-5e671e3 e-con-full e-flex e-con e-child" data-id="5e671e3" data-element_type="container" data-e-type="container">
<div class="elementor-element elementor-element-04240d1 elementor-widget elementor-widget-image" data-id="04240d1" data-element_type="widget" data-e-type="widget" data-widget_type="image.default"></div>
</div>
</div>
</div>
</footer>
</div></div>
</div>
</div>
</div>
